{"id":242,"date":"2017-05-02T11:55:59","date_gmt":"2017-05-02T14:55:59","guid":{"rendered":"http:\/\/abraaobatista.com\/ppgec\/?page_id=242"},"modified":"2024-10-09T08:15:45","modified_gmt":"2024-10-09T12:15:45","slug":"perfil-profissional","status":"publish","type":"page","link":"https:\/\/propei.uerr.edu.br\/ppgec\/perfil-profissional\/","title":{"rendered":"Perfil Profissional"},"content":{"rendered":"<p style=\"text-align: justify;\">O perfil do profissional a ser formado como Mestre em Ensino de Ci\u00eancias e Matem\u00e1tica, p\u00f3s-graduado da UERR, \u00e9 o profissional qualificado que contribuir\u00e1 para a melhoria do Ensino de Ci\u00eancias e Matem\u00e1tica e atuar\u00e1 nos diferentes n\u00edveis de ensino, bem como nas \u00e1reas de pesquisa e investiga\u00e7\u00e3o de temas relevantes para o ensino de Biologia, F\u00edsica, Qu\u00edmica, Matem\u00e1tica, Pedagogia e \u00e1reas afins. Assim, a qualifica\u00e7\u00e3o almejada dever\u00e1 dotar os mestrandos de suficiente autonomia de modo que possam aprender continuamente em seu processo de desenvolvimento profissional e, desse modo, realizar atividades docentes com compet\u00eancias que os tornem eficientes mediadores do ensino para a aprendizagem dos alunos, seja avaliando, elaborando, implantando e\/ou implementando estrat\u00e9gias de ensino que permitam aproximar os estudantes das conquistas cient\u00edficas e tecnol\u00f3gicas atuais, centradas no ensino das Ci\u00eancias Naturais.<\/p>\n","protected":false},"excerpt":{"rendered":"<p>O perfil do profissional a ser formado como Mestre em Ensino de Ci\u00eancias e Matem\u00e1tica, p\u00f3s-graduado da UERR, \u00e9 o profissional qualificado que contribuir\u00e1 para a melhoria do Ensino de Ci\u00eancias e Matem\u00e1tica e atuar\u00e1 nos diferentes n\u00edveis de ensino, bem como nas \u00e1reas de pesquisa e investiga\u00e7\u00e3o de temas relevantes para o ensino de [&hellip;]<\/p>\n","protected":false},"author":1,"featured_media":0,"parent":0,"menu_order":0,"comment_status":"closed","ping_status":"closed","template":"","meta":{"footnotes":""},"class_list":["post-242","page","type-page","status-publish","hentry"],"_links":{"self":[{"href":"https:\/\/propei.uerr.edu.br\/ppgec\/wp-json\/wp\/v2\/pages\/242","targetHints":{"allow":["GET"]}}],"collection":[{"href":"https:\/\/propei.uerr.edu.br\/ppgec\/wp-json\/wp\/v2\/pages"}],"about":[{"href":"https:\/\/propei.uerr.edu.br\/ppgec\/wp-json\/wp\/v2\/types\/page"}],"author":[{"embeddable":true,"href":"https:\/\/propei.uerr.edu.br\/ppgec\/wp-json\/wp\/v2\/users\/1"}],"replies":[{"embeddable":true,"href":"https:\/\/propei.uerr.edu.br\/ppgec\/wp-json\/wp\/v2\/comments?post=242"}],"version-history":[{"count":4,"href":"https:\/\/propei.uerr.edu.br\/ppgec\/wp-json\/wp\/v2\/pages\/242\/revisions"}],"predecessor-version":[{"id":3408,"href":"https:\/\/propei.uerr.edu.br\/ppgec\/wp-json\/wp\/v2\/pages\/242\/revisions\/3408"}],"wp:attachment":[{"href":"https:\/\/propei.uerr.edu.br\/ppgec\/wp-json\/wp\/v2\/media?parent=242"}],"curies":[{"name":"wp","href":"https:\/\/api.w.org\/{rel}","templated":true}]}}