{"id":211,"date":"2017-03-14T10:51:47","date_gmt":"2017-03-14T13:51:47","guid":{"rendered":"http:\/\/propei.https:\/\/https:\/\/propei.uerr.edu.br\/ppgec\/?page_id=211"},"modified":"2024-08-05T11:40:18","modified_gmt":"2024-08-05T15:40:18","slug":"processo-de-selecao","status":"publish","type":"page","link":"https:\/\/propei.uerr.edu.br\/ppge\/processo-de-selecao\/","title":{"rendered":"Processo de Sele\u00e7\u00e3o"},"content":{"rendered":"\n<p><strong>SELE\u00c7\u00c3O PARA ALUNO REGULAR<\/strong><\/p>\n\n\n\n<p><a href=\"https:\/\/cpc.uerr.edu.br\/?cat=231\">Mestrado em Educa\u00e7\u00e3o &#8211; 2023<\/a><\/p>\n\n\n\n<p><a href=\"https:\/\/cpc.uerr.edu.br\/?cat=189\">Mestrado em Educa\u00e7\u00e3o &#8211; 2022<\/a><\/p>\n\n\n\n<p><a href=\"https:\/\/cpc.uerr.edu.br\/?cat=152\">Mestrado em Educa\u00e7\u00e3o &#8211; 2021<\/a><\/p>\n\n\n\n<p><a href=\"https:\/\/cpc.uerr.edu.br\/?cat=127\">Mestrado em Educa\u00e7\u00e3o &#8211; 2020<\/a><\/p>\n\n\n\n<p><a href=\"https:\/\/cpc.uerr.edu.br\/?cat=97\">Mestrado em Educa\u00e7\u00e3o&nbsp;&#8211; 2019<\/a><\/p>\n\n\n\n<p><a href=\"https:\/\/cpc.uerr.edu.br\/?cat=72&amp;paged=3\">Mestrado em Educa\u00e7\u00e3o&nbsp;&#8211; 2018<\/a><\/p>\n\n\n\n<p><a href=\"http:\/\/cpc.uerr.edu.br\/posgraduacao\/noticia.php?idCertame=14\">Mestrado em Educa\u00e7\u00e3o&nbsp;&#8211; 2017<\/a><\/p>\n\n\n\n<p><a href=\"http:\/\/cpc.uerr.edu.br\/posgraduacao\/noticia.php?idCertame=7\">Mestrado em Educa\u00e7\u00e3o &#8211; 2016<\/a><\/p>\n\n\n\n<p><a href=\"http:\/\/cpc.uerr.edu.br\/concurso\/posgraduacao\/educ\/index.php\">Mestrado em Educa\u00e7\u00e3o&nbsp;&#8211; 2015<\/a><\/p>\n\n\n\n<p><strong>CREDENCIAMENTO DE DOCENTES<\/strong><\/p>\n\n\n\n<p><a href=\"https:\/\/propei.uerr.edu.br\/ppge\/?p=1657\">Credenciamento 2024.2<\/a><\/p>\n","protected":false},"excerpt":{"rendered":"<p>SELE\u00c7\u00c3O PARA ALUNO REGULAR Mestrado em Educa\u00e7\u00e3o &#8211; 2023 Mestrado em Educa\u00e7\u00e3o &#8211; 2022 Mestrado em Educa\u00e7\u00e3o &#8211; 2021 Mestrado em Educa\u00e7\u00e3o &#8211; 2020 Mestrado em Educa\u00e7\u00e3o&nbsp;&#8211; 2019 Mestrado em Educa\u00e7\u00e3o&nbsp;&#8211; 2018 Mestrado em Educa\u00e7\u00e3o&nbsp;&#8211; 2017 Mestrado em Educa\u00e7\u00e3o &#8211; 2016 Mestrado em Educa\u00e7\u00e3o&nbsp;&#8211; 2015 CREDENCIAMENTO DE DOCENTES Credenciamento 2024.2<\/p>\n","protected":false},"author":1,"featured_media":0,"parent":0,"menu_order":0,"comment_status":"closed","ping_status":"closed","template":"","meta":{"footnotes":""},"class_list":["post-211","page","type-page","status-publish","hentry"],"_links":{"self":[{"href":"https:\/\/propei.uerr.edu.br\/ppge\/wp-json\/wp\/v2\/pages\/211","targetHints":{"allow":["GET"]}}],"collection":[{"href":"https:\/\/propei.uerr.edu.br\/ppge\/wp-json\/wp\/v2\/pages"}],"about":[{"href":"https:\/\/propei.uerr.edu.br\/ppge\/wp-json\/wp\/v2\/types\/page"}],"author":[{"embeddable":true,"href":"https:\/\/propei.uerr.edu.br\/ppge\/wp-json\/wp\/v2\/users\/1"}],"replies":[{"embeddable":true,"href":"https:\/\/propei.uerr.edu.br\/ppge\/wp-json\/wp\/v2\/comments?post=211"}],"version-history":[{"count":10,"href":"https:\/\/propei.uerr.edu.br\/ppge\/wp-json\/wp\/v2\/pages\/211\/revisions"}],"predecessor-version":[{"id":1661,"href":"https:\/\/propei.uerr.edu.br\/ppge\/wp-json\/wp\/v2\/pages\/211\/revisions\/1661"}],"wp:attachment":[{"href":"https:\/\/propei.uerr.edu.br\/ppge\/wp-json\/wp\/v2\/media?parent=211"}],"curies":[{"name":"wp","href":"https:\/\/api.w.org\/{rel}","templated":true}]}}