{"id":860,"date":"2025-06-25T11:45:30","date_gmt":"2025-06-25T14:45:30","guid":{"rendered":"https:\/\/propei.uerr.edu.br\/mpspdhc\/?page_id=860"},"modified":"2026-04-07T10:50:03","modified_gmt":"2026-04-07T13:50:03","slug":"selecao-para-aluno-regular-rorainopolis","status":"publish","type":"page","link":"https:\/\/propei.uerr.edu.br\/ppgdhc\/selecao-para-aluno-regular-rorainopolis\/","title":{"rendered":"Sele\u00e7\u00e3o para Aluno Regular &#8211; Rorain\u00f3polis"},"content":{"rendered":"<h4><a href=\"https:\/\/forms.gle\/PZevbWdBFZaJT8RQ7\"><strong>Link para formul\u00e1rio de Recurso<\/strong><\/a><\/h4>\n<h4><strong>Link para formul\u00e1rio de inscri\u00e7\u00e3o &#8211; A partir do dia 21\/07<\/strong><\/h4>\n<h4><a href=\"https:\/\/propei.uerr.edu.br\/ppgdhc\/wp-content\/uploads\/2025\/07\/SEI_GRR-18314575-Anexo.pdf\">Impugna\u00e7\u00e3o ao Edital<\/a><\/h4>\n<h4><a href=\"https:\/\/propei.uerr.edu.br\/ppgdhc\/wp-content\/uploads\/2025\/07\/SEI_GRR-18163664-Edital.pdf\"><strong>Edital<\/strong><\/a><\/h4>\n<p><a href=\"https:\/\/propei.uerr.edu.br\/ppgdhc\/?p=890\"><strong>Homologa\u00e7\u00e3o Preliminar das Inscri\u00e7\u00f5es<\/strong><\/a><\/p>\n<p><a href=\"https:\/\/propei.uerr.edu.br\/ppgdhc\/?p=893\"><strong>Homologa\u00e7\u00e3o Final das Inscri\u00e7\u00f5es<\/strong><\/a><\/p>\n<p><a href=\"https:\/\/propei.uerr.edu.br\/ppgdhc\/?p=897\"><strong>Cronograma das Bancas<\/strong><\/a><\/p>\n<p><a href=\"https:\/\/propei.uerr.edu.br\/ppgdhc\/wp-content\/uploads\/2025\/09\/SEI_GRR-18984073-Edital.pdf\"><strong>Edital de Matr\u00edcula<\/strong><\/a><\/p>\n<p><a href=\"https:\/\/propei.uerr.edu.br\/ppgdhc\/wp-content\/uploads\/2025\/09\/SEI_GRR-19339891-Edital.pdf\"><strong>Edital de Matr\u00edcula &#8211; Segunda Chamada<\/strong><\/a><\/p>\n","protected":false},"excerpt":{"rendered":"<p>Link para formul\u00e1rio de Recurso Link para formul\u00e1rio de inscri\u00e7\u00e3o &#8211; A partir do dia 21\/07 Impugna\u00e7\u00e3o ao Edital Edital Homologa\u00e7\u00e3o Preliminar das Inscri\u00e7\u00f5es Homologa\u00e7\u00e3o Final das Inscri\u00e7\u00f5es Cronograma das Bancas Edital de Matr\u00edcula Edital de Matr\u00edcula &#8211; Segunda Chamada<\/p>\n","protected":false},"author":3,"featured_media":0,"parent":0,"menu_order":0,"comment_status":"closed","ping_status":"closed","template":"","meta":{"footnotes":""},"class_list":["post-860","page","type-page","status-publish","hentry"],"_links":{"self":[{"href":"https:\/\/propei.uerr.edu.br\/ppgdhc\/wp-json\/wp\/v2\/pages\/860","targetHints":{"allow":["GET"]}}],"collection":[{"href":"https:\/\/propei.uerr.edu.br\/ppgdhc\/wp-json\/wp\/v2\/pages"}],"about":[{"href":"https:\/\/propei.uerr.edu.br\/ppgdhc\/wp-json\/wp\/v2\/types\/page"}],"author":[{"embeddable":true,"href":"https:\/\/propei.uerr.edu.br\/ppgdhc\/wp-json\/wp\/v2\/users\/3"}],"replies":[{"embeddable":true,"href":"https:\/\/propei.uerr.edu.br\/ppgdhc\/wp-json\/wp\/v2\/comments?post=860"}],"version-history":[{"count":10,"href":"https:\/\/propei.uerr.edu.br\/ppgdhc\/wp-json\/wp\/v2\/pages\/860\/revisions"}],"predecessor-version":[{"id":1007,"href":"https:\/\/propei.uerr.edu.br\/ppgdhc\/wp-json\/wp\/v2\/pages\/860\/revisions\/1007"}],"wp:attachment":[{"href":"https:\/\/propei.uerr.edu.br\/ppgdhc\/wp-json\/wp\/v2\/media?parent=860"}],"curies":[{"name":"wp","href":"https:\/\/api.w.org\/{rel}","templated":true}]}}