{"id":63,"date":"2015-08-04T12:12:47","date_gmt":"2015-08-04T12:12:47","guid":{"rendered":"http:\/\/uerr.edu.br\/ppgec\/?page_id=51"},"modified":"2024-04-18T14:37:35","modified_gmt":"2024-04-18T17:37:35","slug":"contato","status":"publish","type":"page","link":"https:\/\/propei.uerr.edu.br\/ppgdhc\/contato\/","title":{"rendered":"Contato"},"content":{"rendered":"<div><strong>Hor\u00e1rio de funcionamento da Secretaria da P\u00f3s-Gradua\u00e7\u00e3o:\u00a0<\/strong>das 8h \u00e0s 14h (em dias \u00fateis)<\/div>\n<div><strong>Telefone PROPEI:<\/strong>\u00a0(95) 2121-0944<strong><br \/>\n<\/strong><\/div>\n<div><strong>E-mail da Coordena\u00e7\u00e3o:<\/strong> mpspdhc@uerr.edu.br<\/div>\n","protected":false},"excerpt":{"rendered":"<p>Hor\u00e1rio de funcionamento da Secretaria da P\u00f3s-Gradua\u00e7\u00e3o:\u00a0das 8h \u00e0s 14h (em dias \u00fateis) Telefone PROPEI:\u00a0(95) 2121-0944 E-mail da Coordena\u00e7\u00e3o: mpspdhc@uerr.edu.br<\/p>\n","protected":false},"author":1,"featured_media":0,"parent":0,"menu_order":0,"comment_status":"open","ping_status":"open","template":"","meta":{"footnotes":""},"class_list":["post-63","page","type-page","status-publish","hentry"],"_links":{"self":[{"href":"https:\/\/propei.uerr.edu.br\/ppgdhc\/wp-json\/wp\/v2\/pages\/63","targetHints":{"allow":["GET"]}}],"collection":[{"href":"https:\/\/propei.uerr.edu.br\/ppgdhc\/wp-json\/wp\/v2\/pages"}],"about":[{"href":"https:\/\/propei.uerr.edu.br\/ppgdhc\/wp-json\/wp\/v2\/types\/page"}],"author":[{"embeddable":true,"href":"https:\/\/propei.uerr.edu.br\/ppgdhc\/wp-json\/wp\/v2\/users\/1"}],"replies":[{"embeddable":true,"href":"https:\/\/propei.uerr.edu.br\/ppgdhc\/wp-json\/wp\/v2\/comments?post=63"}],"version-history":[{"count":6,"href":"https:\/\/propei.uerr.edu.br\/ppgdhc\/wp-json\/wp\/v2\/pages\/63\/revisions"}],"predecessor-version":[{"id":668,"href":"https:\/\/propei.uerr.edu.br\/ppgdhc\/wp-json\/wp\/v2\/pages\/63\/revisions\/668"}],"wp:attachment":[{"href":"https:\/\/propei.uerr.edu.br\/ppgdhc\/wp-json\/wp\/v2\/media?parent=63"}],"curies":[{"name":"wp","href":"https:\/\/api.w.org\/{rel}","templated":true}]}}