{"id":237,"date":"2017-04-12T13:50:28","date_gmt":"2017-04-12T16:50:28","guid":{"rendered":"http:\/\/https:\/\/propei.uerr.edu.br\/ppga\/?page_id=237"},"modified":"2026-04-30T09:35:49","modified_gmt":"2026-04-30T13:35:49","slug":"turmas","status":"publish","type":"page","link":"https:\/\/propei.uerr.edu.br\/ppgaasa\/turmas\/","title":{"rendered":"Turmas"},"content":{"rendered":"<p class=\"Texto_Justificado_Recuo_Primeira_Linha\"><b>Ingressantes de 2021<\/b><\/p>\n<table border=\"1\" width=\"559\" cellspacing=\"0\" cellpadding=\"0\">\n<tbody>\n<tr>\n<td>Danverson Bentes Chaves<\/td>\n<\/tr>\n<tr>\n<td>Eliander Pimentel Trajano<\/td>\n<\/tr>\n<tr>\n<td>Liliane Aparecida Junqueira da Silva<\/td>\n<\/tr>\n<tr>\n<td>Marcus Aurelio D&#8217;Alencar Mendon\u00e7a<\/td>\n<\/tr>\n<tr>\n<td>Robson Pereira Silva<\/td>\n<\/tr>\n<tr>\n<td>Thais Brito Chacon<\/td>\n<\/tr>\n<\/tbody>\n<\/table>\n<p>&nbsp;<\/p>\n<p><b>Ingressantes de 2022<\/b><\/p>\n<table border=\"1\" width=\"558\" cellspacing=\"0\" cellpadding=\"0\">\n<tbody>\n<tr>\n<td>Anderson do Nascimento Silva<\/td>\n<\/tr>\n<tr>\n<td>Angela Rosa Silva Rufino<\/td>\n<\/tr>\n<tr>\n<td>Indhyra Jonnya Queiroz de Magalhaes<\/td>\n<\/tr>\n<tr>\n<td>Joadina Araujo Silva<\/td>\n<\/tr>\n<tr>\n<td>Mariana Ramos de Souza<\/td>\n<\/tr>\n<tr>\n<td>Mateus Lima Ramos<\/td>\n<\/tr>\n<tr>\n<td>Noami Gibrana Queiroz Lemos<\/td>\n<\/tr>\n<tr>\n<td>Vanessa Silva Carvalho<\/td>\n<\/tr>\n<\/tbody>\n<\/table>\n<p>&nbsp;<\/p>\n<p><b>Ingressantes de 2023<\/b><\/p>\n<table border=\"1\" width=\"561\" cellspacing=\"0\" cellpadding=\"0\">\n<tbody>\n<tr>\n<td>Cristiana Paiva Gomes<\/td>\n<\/tr>\n<tr>\n<td>Dayanne Beatriz Silva Rodrigues<\/td>\n<\/tr>\n<tr>\n<td>Elilma Cordeiro de Vasconcelos Gomes<\/td>\n<\/tr>\n<tr>\n<td>K\u00e1tila Nayara Rom\u00e3o Moura<\/td>\n<\/tr>\n<tr>\n<td>Paulo Henrique da Silva<\/td>\n<\/tr>\n<tr>\n<td>Ronielly Barbosa Soares<\/td>\n<\/tr>\n<\/tbody>\n<\/table>\n<p>&nbsp;<\/p>\n<p><b>Ingressantes de 2024<\/b><\/p>\n<table border=\"1\" width=\"564\" cellspacing=\"0\" cellpadding=\"0\">\n<tbody>\n<tr>\n<td>Carla Vit\u00f3ria de Lima Maia<\/td>\n<\/tr>\n<tr>\n<td>Eliezer de Souza Campos<\/td>\n<\/tr>\n<tr>\n<td>Iara dos Santos Barbosa<\/td>\n<\/tr>\n<tr>\n<td>Itajay Maria Soares<\/td>\n<\/tr>\n<tr>\n<td>\u00cdtala Freire de Ara\u00fajo<\/td>\n<\/tr>\n<tr>\n<td>Jonas dos Santos Lopes<\/td>\n<\/tr>\n<tr>\n<td>Jonas Santos Silva<\/td>\n<\/tr>\n<tr>\n<td>Ka\u00eds Yadne da Silva Brito<\/td>\n<\/tr>\n<tr>\n<td>Brayan Sebastian Aguiar Paraiso<\/td>\n<\/tr>\n<tr>\n<td>Carla Vit\u00f3ria de Lima Maia<\/td>\n<\/tr>\n<tr>\n<td>Eliezer de Souza Campos<\/td>\n<\/tr>\n<tr>\n<td>Iara dos Santos Barbosa<\/td>\n<\/tr>\n<tr>\n<td>Itajay Maria Soares<\/td>\n<\/tr>\n<tr>\n<td>\u00cdtala Freire de Ara\u00fajo<\/td>\n<\/tr>\n<tr>\n<td>Ka\u00eds Yadne da Silva Brito<\/td>\n<\/tr>\n<tr>\n<td>Maria Lorrayne de Araujo Leal<\/td>\n<\/tr>\n<tr>\n<td>Miguel Sales Porto de Sousa<\/td>\n<\/tr>\n<tr>\n<td>Sandra Maria Coelho de Sousa<\/td>\n<\/tr>\n<tr>\n<td>Wolney Costa Parente Junior<\/td>\n<\/tr>\n<\/tbody>\n<\/table>\n<p>&nbsp;<\/p>\n<p><b>Ingressantes de 2025<\/b><\/p>\n<table border=\"1\" width=\"564\" cellspacing=\"0\" cellpadding=\"0\">\n<tbody>\n<tr>\n<td>Adailton Evaristo Padilha<\/td>\n<\/tr>\n<tr>\n<td>Anderson Pereira Medeiros<\/td>\n<\/tr>\n<tr>\n<td>Andr\u00e9ia Vitoria Souza da Silva<\/td>\n<\/tr>\n<tr>\n<td>\u00c2ngela de Sousa Rosa<\/td>\n<\/tr>\n<tr>\n<td>Cl\u00e1udio Caetano da Silva<\/td>\n<\/tr>\n<tr>\n<td>Daniel Magalh\u00e3es de Oliveira (Aluno Especial )<\/td>\n<\/tr>\n<tr>\n<td>Eduarda dos Santos da Silva<\/td>\n<\/tr>\n<tr>\n<td>Gabriel Gileme da Silva Santos (Aluno Especial)<\/td>\n<\/tr>\n<tr>\n<td>Haline Teixeira<\/td>\n<\/tr>\n<tr>\n<td>Jessica Brenda de Souza Lib\u00f3rio<\/td>\n<\/tr>\n<tr>\n<td>Leidiane de Souza Dutra<\/td>\n<\/tr>\n<tr>\n<td>Leidinaura de Souza Dutra<\/td>\n<\/tr>\n<tr>\n<td>Sandra Elane de Souza Lauriano Ramos<\/td>\n<\/tr>\n<tr>\n<td>Thamyres Silva Alves<\/td>\n<\/tr>\n<tr>\n<td>\u00a0Elissandra Rodrigues Marques<\/td>\n<\/tr>\n<tr>\n<td>\u00a0Elissandra Rodrigues Marques<\/td>\n<\/tr>\n<tr>\n<td>Am\u00e1blio Siberino Racoski<\/td>\n<\/tr>\n<tr>\n<td>Andr\u00e9 da Silva Garcia<\/td>\n<\/tr>\n<tr>\n<td>Andr\u00e9ia Vitoria Souza da Silva<\/td>\n<\/tr>\n<tr>\n<td>Bianca Karoline Milanez Tosin<\/td>\n<\/tr>\n<tr>\n<td>Carla Olimpia da Silva Mac\u00eado<\/td>\n<\/tr>\n<tr>\n<td>Dalva Moraes dos Santos<\/td>\n<\/tr>\n<tr>\n<td>D\u00e1rio Guimar\u00e3es Falc\u00e3o<\/td>\n<\/tr>\n<tr>\n<td>Iara dos Santos Barbosa<\/td>\n<\/tr>\n<tr>\n<td>Igor Tourinho dos Santos<\/td>\n<\/tr>\n<tr>\n<td>Itajay Maria Soares<\/td>\n<\/tr>\n<tr>\n<td>\u00cdtala Freire de Ara\u00fajo<\/td>\n<\/tr>\n<tr>\n<td>Jocivania da Silva Oliveira<\/td>\n<\/tr>\n<tr>\n<td>Josu\u00e9 Ferreira Barboza<\/td>\n<\/tr>\n<tr>\n<td>Luanderson Mendes Cat\u00e3o<\/td>\n<\/tr>\n<tr>\n<td>Luiz Alvino de Sousa Neto<\/td>\n<\/tr>\n<tr>\n<td>Matheus Guilherme Vicente Salvador<\/td>\n<\/tr>\n<tr>\n<td>Meiry Cristiane Richil de Carvalho<\/td>\n<\/tr>\n<tr>\n<td>Natiele da Silva Mendes<\/td>\n<\/tr>\n<tr>\n<td>Nivia Thays Ivo Pereira<\/td>\n<\/tr>\n<tr>\n<td>Ralane Gomes da Silva<\/td>\n<\/tr>\n<tr>\n<td>Robson Pereira Silva<\/td>\n<\/tr>\n<tr>\n<td>Suzanne Lima Fernandes<\/td>\n<\/tr>\n<tr>\n<td>Thiago Augusto do Nascimento Costa<\/td>\n<\/tr>\n<\/tbody>\n<\/table>\n<p>&nbsp;<\/p>\n<p><b>Ingressantes de 2026<\/b><\/p>\n<table border=\"1\" width=\"567\" cellspacing=\"0\" cellpadding=\"0\">\n<tbody>\n<tr>\n<td>Ane Karine Vieira Silva<\/td>\n<\/tr>\n<tr>\n<td>Breno Caique da Silva Monteiro<\/td>\n<\/tr>\n<tr>\n<td>Bruna Pereira da Silva<\/td>\n<\/tr>\n<tr>\n<td>Eliezer de Souza Campos<\/td>\n<\/tr>\n<tr>\n<td>Janiele Gama Pontes<\/td>\n<\/tr>\n<tr>\n<td>Karolina de Paulo Narciso<\/td>\n<\/tr>\n<tr>\n<td>Maria Caroline da Silva Nogueira<\/td>\n<\/tr>\n<tr>\n<td>Matheus Guilherme Vicente Salvador<\/td>\n<\/tr>\n<tr>\n<td>Nicolas Richard Barroso Silva<\/td>\n<\/tr>\n<tr>\n<td>Raiana Faustino da Silva<\/td>\n<\/tr>\n<tr>\n<td>Randielly Barbosa Soares<\/td>\n<\/tr>\n<tr>\n<td>Rayra de Souza Ribeiro<\/td>\n<\/tr>\n<tr>\n<td>Sinval Barbosa Santos<\/td>\n<\/tr>\n<tr>\n<td>Sueven Rick Carneiro Ribeiro<\/td>\n<\/tr>\n<tr>\n<td>Valcicleia da Silva Dourado<\/td>\n<\/tr>\n<tr>\n<td>Victoria Cristina de Assis Ferreira<\/td>\n<\/tr>\n<\/tbody>\n<\/table>\n<h2><strong><a href=\"https:\/\/propei.uerr.edu.br\/ppgaasa\/wp-content\/uploads\/2020\/11\/RELACAO-DE-DISCENTES-2014-PPGA.pdf\" target=\"_blank\" rel=\"noopener\">Turma I<\/a><\/strong><\/h2>\n<h2><strong><a href=\"https:\/\/propei.uerr.edu.br\/ppgaasa\/wp-content\/uploads\/2020\/11\/RELACAO-DE-DISCENTES-2015-PPGA.pdf\" target=\"_blank\" rel=\"noopener\">Turma II<\/a><\/strong><\/h2>\n<h2><strong><a href=\"https:\/\/propei.uerr.edu.br\/ppgaasa\/wp-content\/uploads\/2020\/04\/TURMA-3-RELA\u00c7\u00c3O-DE-DISCENTES-E-ORIENTADORES-2016-PPGA.pdf\" target=\"_blank\" rel=\"noopener\">Turma III<\/a><\/strong><\/h2>\n<h2><strong><a href=\"https:\/\/propei.uerr.edu.br\/ppgaasa\/wp-content\/uploads\/2020\/04\/TURMA-4-RELA\u00c7\u00c3O-DE-DISCENTES-2017-PPGA.pdf\" target=\"_blank\" rel=\"noopener\">Turma IV<\/a><\/strong><\/h2>\n<h2><strong><a href=\"https:\/\/propei.uerr.edu.br\/ppgaasa\/wp-content\/uploads\/2020\/04\/TURMA-5-RELA\u00c7\u00c3O-DE-DISCENTES-2018.1-PPGA.pdf\" target=\"_blank\" rel=\"noopener\">Turma V<\/a><\/strong><\/h2>\n<h2><strong><a href=\"https:\/\/propei.uerr.edu.br\/ppgaasa\/wp-content\/uploads\/2020\/04\/TURMA-6-RELA\u00c7\u00c3O-DE-DISCENTES-2019.1-PPGA.pdf\" target=\"_blank\" rel=\"noopener\">Turma VI<\/a><\/strong><\/h2>\n<p><strong><a href=\"https:\/\/propei.uerr.edu.br\/ppgaasa\/wp-content\/uploads\/2020\/11\/RELACAO-DE-DISCENTES-2020.1-PPGA.pdf\" target=\"_blank\" rel=\"noopener\"><span style=\"text-decoration: underline;\"><span style=\"font-size: 18pt;\">Turma<\/span><\/span><span style=\"font-size: 18pt;\"> V<\/span><span style=\"font-size: 18pt;\">II<\/span><\/a><\/strong><\/p>\n","protected":false},"excerpt":{"rendered":"<p>Ingressantes de 2021 Danverson Bentes Chaves Eliander Pimentel Trajano Liliane Aparecida Junqueira da Silva Marcus Aurelio D&#8217;Alencar Mendon\u00e7a Robson Pereira Silva Thais Brito Chacon &nbsp; Ingressantes de 2022 Anderson do Nascimento Silva Angela Rosa Silva Rufino Indhyra Jonnya Queiroz de Magalhaes Joadina Araujo Silva Mariana Ramos de Souza Mateus Lima Ramos Noami Gibrana Queiroz Lemos [&hellip;]<\/p>\n","protected":false},"author":1,"featured_media":0,"parent":0,"menu_order":0,"comment_status":"closed","ping_status":"closed","template":"","meta":{"footnotes":""},"class_list":["post-237","page","type-page","status-publish","hentry"],"_links":{"self":[{"href":"https:\/\/propei.uerr.edu.br\/ppgaasa\/wp-json\/wp\/v2\/pages\/237","targetHints":{"allow":["GET"]}}],"collection":[{"href":"https:\/\/propei.uerr.edu.br\/ppgaasa\/wp-json\/wp\/v2\/pages"}],"about":[{"href":"https:\/\/propei.uerr.edu.br\/ppgaasa\/wp-json\/wp\/v2\/types\/page"}],"author":[{"embeddable":true,"href":"https:\/\/propei.uerr.edu.br\/ppgaasa\/wp-json\/wp\/v2\/users\/1"}],"replies":[{"embeddable":true,"href":"https:\/\/propei.uerr.edu.br\/ppgaasa\/wp-json\/wp\/v2\/comments?post=237"}],"version-history":[{"count":15,"href":"https:\/\/propei.uerr.edu.br\/ppgaasa\/wp-json\/wp\/v2\/pages\/237\/revisions"}],"predecessor-version":[{"id":1469,"href":"https:\/\/propei.uerr.edu.br\/ppgaasa\/wp-json\/wp\/v2\/pages\/237\/revisions\/1469"}],"wp:attachment":[{"href":"https:\/\/propei.uerr.edu.br\/ppgaasa\/wp-json\/wp\/v2\/media?parent=237"}],"curies":[{"name":"wp","href":"https:\/\/api.w.org\/{rel}","templated":true}]}}