{"id":1355,"date":"2025-11-17T07:57:33","date_gmt":"2025-11-17T11:57:33","guid":{"rendered":"https:\/\/propei.uerr.edu.br\/ppgaasa\/?page_id=1355"},"modified":"2025-11-17T11:36:37","modified_gmt":"2025-11-17T15:36:37","slug":"home-2","status":"publish","type":"page","link":"https:\/\/propei.uerr.edu.br\/ppgaasa\/","title":{"rendered":"Home"},"content":{"rendered":"\t\t<div data-elementor-type=\"wp-page\" data-elementor-id=\"1355\" class=\"elementor elementor-1355\" data-elementor-post-type=\"page\">\n\t\t\t\t<div class=\"elementor-element elementor-element-a764eaa e-flex e-con-boxed e-con e-parent\" data-id=\"a764eaa\" data-element_type=\"container\" data-e-type=\"container\">\n\t\t\t\t\t<div class=\"e-con-inner\">\n\t\t<div class=\"elementor-element elementor-element-901f9c4 e-con-full e-flex e-con e-child\" data-id=\"901f9c4\" data-element_type=\"container\" data-e-type=\"container\">\n\t\t\t\t<div class=\"elementor-element elementor-element-e2124fa elementor-widget elementor-widget-heading\" data-id=\"e2124fa\" data-element_type=\"widget\" data-e-type=\"widget\" data-widget_type=\"heading.default\">\n\t\t\t\t\t<h4 class=\"elementor-heading-title elementor-size-default\">\u00daltimas not\u00edcias<\/h4>\t\t\t\t<\/div>\n\t\t\t\t<div class=\"elementor-element elementor-element-1f9a78d elementor-grid-1 elementor-posts--thumbnail-none elementor-posts--align-left elementor-grid-tablet-2 elementor-grid-mobile-1 elementor-card-shadow-yes elementor-posts__hover-gradient elementor-widget elementor-widget-posts\" data-id=\"1f9a78d\" data-element_type=\"widget\" data-e-type=\"widget\" data-settings=\"{&quot;cards_columns&quot;:&quot;1&quot;,&quot;cards_row_gap&quot;:{&quot;unit&quot;:&quot;px&quot;,&quot;size&quot;:10,&quot;sizes&quot;:[]},&quot;pagination_type&quot;:&quot;numbers_and_prev_next&quot;,&quot;cards_columns_tablet&quot;:&quot;2&quot;,&quot;cards_columns_mobile&quot;:&quot;1&quot;,&quot;cards_row_gap_tablet&quot;:{&quot;unit&quot;:&quot;px&quot;,&quot;size&quot;:&quot;&quot;,&quot;sizes&quot;:[]},&quot;cards_row_gap_mobile&quot;:{&quot;unit&quot;:&quot;px&quot;,&quot;size&quot;:&quot;&quot;,&quot;sizes&quot;:[]}}\" data-widget_type=\"posts.cards\">\n\t\t\t\t<div class=\"elementor-widget-container\">\n\t\t\t\t\t\t\t<div class=\"elementor-posts-container elementor-posts elementor-posts--skin-cards elementor-grid\" role=\"list\">\n\t\t\t\t<article class=\"elementor-post elementor-grid-item post-1334 post type-post status-publish format-standard hentry category-sobre\" role=\"listitem\">\n\t\t\t<div class=\"elementor-post__card\">\n\t\t\t\t<div class=\"elementor-post__text\">\n\t\t\t\t<h3 class=\"elementor-post__title\">\n\t\t\t<a href=\"https:\/\/propei.uerr.edu.br\/ppgaasa\/2025\/08\/29\/seletivo-para-aluno-especial-ppgaasa-2025-2-aditamento-ao-edital\/\" >\n\t\t\t\tSeletivo para aluno Especial &#8211; PPGAASA 2025.2 &#8211; Aditamento ao Edital\t\t\t<\/a>\n\t\t<\/h3>\n\t\t\t\t<div class=\"elementor-post__excerpt\">\n\t\t\t<p>A Comiss\u00e3o de sele\u00e7\u00e3o para aluno especial no PPGAASA &#8211; turma 2025.2 &#8211; divulga o Aditamento ao Cronograma de Atividades.<\/p>\n\t\t<\/div>\n\t\t\n\t\t<a class=\"elementor-post__read-more\" href=\"https:\/\/propei.uerr.edu.br\/ppgaasa\/2025\/08\/29\/seletivo-para-aluno-especial-ppgaasa-2025-2-aditamento-ao-edital\/\" aria-label=\"Read more about Seletivo para aluno Especial &#8211; PPGAASA 2025.2 &#8211; Aditamento ao Edital\" tabindex=\"-1\" >\n\t\t\tContinue Lendo &gt;&gt;\t\t<\/a>\n\n\t\t\t\t<\/div>\n\t\t\t\t<div class=\"elementor-post__meta-data\">\n\t\t\t\t\t<span class=\"elementor-post-date\">\n\t\t\t29 de agosto de 2025\t\t<\/span>\n\t\t\t\t<\/div>\n\t\t\t\t\t<\/div>\n\t\t<\/article>\n\t\t\t\t<article class=\"elementor-post elementor-grid-item post-1330 post type-post status-publish format-standard hentry category-sobre\" role=\"listitem\">\n\t\t\t<div class=\"elementor-post__card\">\n\t\t\t\t<div class=\"elementor-post__text\">\n\t\t\t\t<h3 class=\"elementor-post__title\">\n\t\t\t<a href=\"https:\/\/propei.uerr.edu.br\/ppgaasa\/2025\/08\/06\/convocacao-para-matricula-seletivo-para-turma-rorainopolis-2025-2\/\" >\n\t\t\t\tConvoca\u00e7\u00e3o para Matr\u00edcula  &#8211; Seletivo para Turma Rorain\u00f3polis 2025.2\t\t\t<\/a>\n\t\t<\/h3>\n\t\t\t\t<div class=\"elementor-post__excerpt\">\n\t\t\t<p>A Comiss\u00e3o respons\u00e1vel pelo Processo de sele\u00e7\u00e3o da Turma 2025.2 do PPGAASA &#8211; Rorain\u00f3polis convoca os candidatos aprovados para realizar<\/p>\n\t\t<\/div>\n\t\t\n\t\t<a class=\"elementor-post__read-more\" href=\"https:\/\/propei.uerr.edu.br\/ppgaasa\/2025\/08\/06\/convocacao-para-matricula-seletivo-para-turma-rorainopolis-2025-2\/\" aria-label=\"Read more about Convoca\u00e7\u00e3o para Matr\u00edcula  &#8211; Seletivo para Turma Rorain\u00f3polis 2025.2\" tabindex=\"-1\" >\n\t\t\tContinue Lendo &gt;&gt;\t\t<\/a>\n\n\t\t\t\t<\/div>\n\t\t\t\t<div class=\"elementor-post__meta-data\">\n\t\t\t\t\t<span class=\"elementor-post-date\">\n\t\t\t6 de agosto de 2025\t\t<\/span>\n\t\t\t\t<\/div>\n\t\t\t\t\t<\/div>\n\t\t<\/article>\n\t\t\t\t<article class=\"elementor-post elementor-grid-item post-1327 post type-post status-publish format-standard hentry category-noticias\" role=\"listitem\">\n\t\t\t<div class=\"elementor-post__card\">\n\t\t\t\t<div class=\"elementor-post__text\">\n\t\t\t\t<h3 class=\"elementor-post__title\">\n\t\t\t<a href=\"https:\/\/propei.uerr.edu.br\/ppgaasa\/2025\/07\/30\/resultado-final-seletivo-para-turma-rorainopolis-2025-2\/\" >\n\t\t\t\tResultado Final \u2013 Seletivo para Turma Rorain\u00f3polis 2025.2\t\t\t<\/a>\n\t\t<\/h3>\n\t\t\t\t<div class=\"elementor-post__excerpt\">\n\t\t\t<p>A comiss\u00e3o de sele\u00e7\u00e3o torna p\u00fablico o Resultado final do de processo seletivo de candidatos para o segundo semestre de<\/p>\n\t\t<\/div>\n\t\t\n\t\t<a class=\"elementor-post__read-more\" href=\"https:\/\/propei.uerr.edu.br\/ppgaasa\/2025\/07\/30\/resultado-final-seletivo-para-turma-rorainopolis-2025-2\/\" aria-label=\"Read more about Resultado Final \u2013 Seletivo para Turma Rorain\u00f3polis 2025.2\" tabindex=\"-1\" >\n\t\t\tContinue Lendo &gt;&gt;\t\t<\/a>\n\n\t\t\t\t<\/div>\n\t\t\t\t<div class=\"elementor-post__meta-data\">\n\t\t\t\t\t<span class=\"elementor-post-date\">\n\t\t\t30 de julho de 2025\t\t<\/span>\n\t\t\t\t<\/div>\n\t\t\t\t\t<\/div>\n\t\t<\/article>\n\t\t\t\t<article class=\"elementor-post elementor-grid-item post-1321 post type-post status-publish format-standard hentry category-noticias\" role=\"listitem\">\n\t\t\t<div class=\"elementor-post__card\">\n\t\t\t\t<div class=\"elementor-post__text\">\n\t\t\t\t<h3 class=\"elementor-post__title\">\n\t\t\t<a href=\"https:\/\/propei.uerr.edu.br\/ppgaasa\/2025\/07\/21\/recredenciamento-de-docentes-no-ppgaasa-resultado-final\/\" >\n\t\t\t\tRecredenciamento de docentes no PPGAASA &#8211; Resultado Final\t\t\t<\/a>\n\t\t<\/h3>\n\t\t\t\t<div class=\"elementor-post__excerpt\">\n\t\t\t<p>A comiss\u00e3o respons\u00e1vel pelo recredenciamento dos docentes permanentes para o Programa de P\u00f3s-Gradua\u00e7\u00e3o em Agroecologia, Ambiente, Sociedade e Amaz\u00f4nia (PPGAASA),<\/p>\n\t\t<\/div>\n\t\t\n\t\t<a class=\"elementor-post__read-more\" href=\"https:\/\/propei.uerr.edu.br\/ppgaasa\/2025\/07\/21\/recredenciamento-de-docentes-no-ppgaasa-resultado-final\/\" aria-label=\"Read more about Recredenciamento de docentes no PPGAASA &#8211; Resultado Final\" tabindex=\"-1\" >\n\t\t\tContinue Lendo &gt;&gt;\t\t<\/a>\n\n\t\t\t\t<\/div>\n\t\t\t\t<div class=\"elementor-post__meta-data\">\n\t\t\t\t\t<span class=\"elementor-post-date\">\n\t\t\t21 de julho de 2025\t\t<\/span>\n\t\t\t\t<\/div>\n\t\t\t\t\t<\/div>\n\t\t<\/article>\n\t\t\t\t<article class=\"elementor-post elementor-grid-item post-1317 post type-post status-publish format-standard hentry category-sobre\" role=\"listitem\">\n\t\t\t<div class=\"elementor-post__card\">\n\t\t\t\t<div class=\"elementor-post__text\">\n\t\t\t\t<h3 class=\"elementor-post__title\">\n\t\t\t<a href=\"https:\/\/propei.uerr.edu.br\/ppgaasa\/2025\/07\/18\/seletivo-para-alunos-ppgaasa-turma-rorainopolis-2025-2\/\" >\n\t\t\t\tHomologa\u00e7\u00e3o Preliminar das Inscri\u00e7\u00f5es  &#8211; Seletivo para Turma Rorain\u00f3polis 2025.2\t\t\t<\/a>\n\t\t<\/h3>\n\t\t\t\t<div class=\"elementor-post__excerpt\">\n\t\t\t<p>A Comiss\u00e3o respons\u00e1vel pelo Processo de sele\u00e7\u00e3o da Turma 2025.2 do PPGAASA &#8211; Rorain\u00f3polis torna p\u00fablica a Homologa\u00e7\u00e3o Preliminar das<\/p>\n\t\t<\/div>\n\t\t\n\t\t<a class=\"elementor-post__read-more\" href=\"https:\/\/propei.uerr.edu.br\/ppgaasa\/2025\/07\/18\/seletivo-para-alunos-ppgaasa-turma-rorainopolis-2025-2\/\" aria-label=\"Read more about Homologa\u00e7\u00e3o Preliminar das Inscri\u00e7\u00f5es  &#8211; Seletivo para Turma Rorain\u00f3polis 2025.2\" tabindex=\"-1\" >\n\t\t\tContinue Lendo &gt;&gt;\t\t<\/a>\n\n\t\t\t\t<\/div>\n\t\t\t\t<div class=\"elementor-post__meta-data\">\n\t\t\t\t\t<span class=\"elementor-post-date\">\n\t\t\t18 de julho de 2025\t\t<\/span>\n\t\t\t\t<\/div>\n\t\t\t\t\t<\/div>\n\t\t<\/article>\n\t\t\t\t<\/div>\n\t\t\n\t\t\t\t<div class=\"e-load-more-anchor\" data-page=\"1\" data-max-page=\"13\" data-next-page=\"https:\/\/propei.uerr.edu.br\/ppgaasa\/wp-json\/wp\/v2\/pages\/1355\/page\/2\/\"><\/div>\n\t\t\t\t<nav class=\"elementor-pagination\" aria-label=\"Pagination\">\n\t\t\t<span class=\"page-numbers prev\">&laquo; Previous<\/span>\n<span aria-current=\"page\" class=\"page-numbers current\"><span class=\"elementor-screen-only\">Page<\/span>1<\/span>\n<a class=\"page-numbers\" href=\"https:\/\/propei.uerr.edu.br\/ppgaasa\/wp-json\/wp\/v2\/pages\/1355\/page\/2\/\"><span class=\"elementor-screen-only\">Page<\/span>2<\/a>\n<a class=\"page-numbers\" href=\"https:\/\/propei.uerr.edu.br\/ppgaasa\/wp-json\/wp\/v2\/pages\/1355\/page\/3\/\"><span class=\"elementor-screen-only\">Page<\/span>3<\/a>\n<span class=\"page-numbers dots\">&hellip;<\/span>\n<a class=\"page-numbers\" href=\"https:\/\/propei.uerr.edu.br\/ppgaasa\/wp-json\/wp\/v2\/pages\/1355\/page\/13\/\"><span class=\"elementor-screen-only\">Page<\/span>13<\/a>\n<a class=\"page-numbers next\" href=\"https:\/\/propei.uerr.edu.br\/ppgaasa\/wp-json\/wp\/v2\/pages\/1355\/page\/2\/\">Next &raquo;<\/a>\t\t<\/nav>\n\t\t\t\t\t\t<\/div>\n\t\t\t\t<\/div>\n\t\t\t\t<\/div>\n\t\t<div class=\"elementor-element elementor-element-83761af e-con-full elementor-hidden-tablet elementor-hidden-mobile e-flex e-con e-child\" data-id=\"83761af\" data-element_type=\"container\" data-e-type=\"container\">\n\t\t\t\t<div class=\"elementor-element elementor-element-ae23326 elementor-widget elementor-widget-heading\" data-id=\"ae23326\" data-element_type=\"widget\" data-e-type=\"widget\" data-widget_type=\"heading.default\">\n\t\t\t\t\t<h4 class=\"elementor-heading-title elementor-size-default\">Links Institucionais<\/h4>\t\t\t\t<\/div>\n\t\t\t\t<div class=\"elementor-element elementor-element-843fd35 elementor-widget elementor-widget-text-editor\" data-id=\"843fd35\" data-element_type=\"widget\" data-e-type=\"widget\" data-widget_type=\"text-editor.default\">\n\t\t\t\t\t\t\t\t\t<p><a href=\"https:\/\/www.rr.gov.br\/site\"><span style=\"color: #000000;\">GOVERNO DE RORAIMA<\/span><\/a><\/p><p><a href=\"https:\/\/www.gov.br\/capes\/pt-br\"><span style=\"color: #000000;\">CAPES<\/span><\/a><\/p><p><a href=\"https:\/\/www.ifrr.edu.br\/\"><span style=\"color: #000000;\">IFRR<\/span><\/a><\/p><p><a href=\"https:\/\/www-periodicos-capes-gov-br.ez272.periodicos.capes.gov.br\/\"><span style=\"color: #000000;\">PERI\u00d3DICOS<\/span><\/a><\/p><p><a href=\"https:\/\/www.embrapa.br\/roraima\"><span style=\"color: #000000;\">EMBRAPA<\/span><\/a><\/p>\t\t\t\t\t\t\t\t<\/div>\n\t\t\t\t<\/div>\n\t\t\t\t\t<\/div>\n\t\t\t\t<\/div>\n\t\t\t\t<\/div>\n\t\t","protected":false},"excerpt":{"rendered":"<p>\u00daltimas not\u00edcias Links Institucionais GOVERNO DE RORAIMA CAPES IFRR PERI\u00d3DICOS EMBRAPA<\/p>\n","protected":false},"author":5,"featured_media":0,"parent":0,"menu_order":0,"comment_status":"closed","ping_status":"closed","template":"","meta":{"footnotes":""},"class_list":["post-1355","page","type-page","status-publish","hentry"],"_links":{"self":[{"href":"https:\/\/propei.uerr.edu.br\/ppgaasa\/wp-json\/wp\/v2\/pages\/1355","targetHints":{"allow":["GET"]}}],"collection":[{"href":"https:\/\/propei.uerr.edu.br\/ppgaasa\/wp-json\/wp\/v2\/pages"}],"about":[{"href":"https:\/\/propei.uerr.edu.br\/ppgaasa\/wp-json\/wp\/v2\/types\/page"}],"author":[{"embeddable":true,"href":"https:\/\/propei.uerr.edu.br\/ppgaasa\/wp-json\/wp\/v2\/users\/5"}],"replies":[{"embeddable":true,"href":"https:\/\/propei.uerr.edu.br\/ppgaasa\/wp-json\/wp\/v2\/comments?post=1355"}],"version-history":[{"count":7,"href":"https:\/\/propei.uerr.edu.br\/ppgaasa\/wp-json\/wp\/v2\/pages\/1355\/revisions"}],"predecessor-version":[{"id":1422,"href":"https:\/\/propei.uerr.edu.br\/ppgaasa\/wp-json\/wp\/v2\/pages\/1355\/revisions\/1422"}],"wp:attachment":[{"href":"https:\/\/propei.uerr.edu.br\/ppgaasa\/wp-json\/wp\/v2\/media?parent=1355"}],"curies":[{"name":"wp","href":"https:\/\/api.w.org\/{rel}","templated":true}]}}